{"id":1051,"date":"2024-10-14T14:31:01","date_gmt":"2024-10-14T12:31:01","guid":{"rendered":"https:\/\/rochefortnouveaumonde.info\/?page_id=1051"},"modified":"2025-03-04T18:27:56","modified_gmt":"2025-03-04T17:27:56","slug":"association","status":"publish","type":"page","link":"https:\/\/rochefortnouveaumonde.info\/index.php\/association\/","title":{"rendered":"Association"},"content":{"rendered":"\t\t<div data-elementor-type=\"wp-page\" data-elementor-id=\"1051\" class=\"elementor elementor-1051\">\n\t\t\t\t<div class=\"elementor-element elementor-element-852622b e-con-full e-flex e-con e-parent\" data-id=\"852622b\" data-element_type=\"container\" data-e-type=\"container\">\n\t\t\t\t<div class=\"elementor-element elementor-element-c383253 elementor-widget elementor-widget-heading\" data-id=\"c383253\" data-element_type=\"widget\" data-e-type=\"widget\" data-widget_type=\"heading.default\">\n\t\t\t\t<div class=\"elementor-widget-container\">\n\t\t\t\t\t<h2 class=\"elementor-heading-title elementor-size-default\">Au sujet de l'Association Rochefort Nouveau Monde<\/h2>\t\t\t\t<\/div>\n\t\t\t\t<\/div>\n\t\t\t\t<div class=\"elementor-element elementor-element-0661816 elementor-widget elementor-widget-spacer\" data-id=\"0661816\" data-element_type=\"widget\" data-e-type=\"widget\" data-widget_type=\"spacer.default\">\n\t\t\t\t<div class=\"elementor-widget-container\">\n\t\t\t\t\t\t\t<div class=\"elementor-spacer\">\n\t\t\t<div class=\"elementor-spacer-inner\"><\/div>\n\t\t<\/div>\n\t\t\t\t\t\t<\/div>\n\t\t\t\t<\/div>\n\t\t\t\t<\/div>\n\t\t<div class=\"elementor-element elementor-element-2f9dc6b e-flex e-con-boxed e-con e-parent\" data-id=\"2f9dc6b\" data-element_type=\"container\" data-e-type=\"container\">\n\t\t\t\t\t<div class=\"e-con-inner\">\n\t\t<div class=\"elementor-element elementor-element-703eb52 e-con-full e-flex e-con e-child\" data-id=\"703eb52\" data-element_type=\"container\" data-e-type=\"container\">\n\t\t\t\t<div class=\"elementor-element elementor-element-31fb50f elementor-widget elementor-widget-heading\" data-id=\"31fb50f\" data-element_type=\"widget\" data-e-type=\"widget\" data-widget_type=\"heading.default\">\n\t\t\t\t<div class=\"elementor-widget-container\">\n\t\t\t\t\t<h4 class=\"elementor-heading-title elementor-size-default\">La g\u00e9n\u00e8se du projet Rochefort Nouveau Monde<\/h4>\t\t\t\t<\/div>\n\t\t\t\t<\/div>\n\t\t<div class=\"elementor-element elementor-element-0caa8d8 e-con-full e-flex e-con e-child\" data-id=\"0caa8d8\" data-element_type=\"container\" data-e-type=\"container\">\n\t\t\t\t<div class=\"elementor-element elementor-element-fb799df elementor-widget elementor-widget-text-editor\" data-id=\"fb799df\" data-element_type=\"widget\" data-e-type=\"widget\" data-widget_type=\"text-editor.default\">\n\t\t\t\t<div class=\"elementor-widget-container\">\n\t\t\t\t\t\t\t\t\t<p>Cr\u00e9\u00e9e en mars 2023, l\u2019Association \u00ab Rochefort Nouveau Monde \u00bb est apolitique, a-dogmatique, ouverte \u00e0 tous ceux qui souhaitent contribuer \u00e0 une r\u00e9flexion collective sur notre soci\u00e9t\u00e9, son histoire et son devenir et sur la place que chacun y occupe.&nbsp;<\/p>\n<p><strong>Un constat<\/strong><br>Les d\u00e9bats de soci\u00e9t\u00e9 ne manquent pas qui nous interpellent&nbsp;: Covid, guerre, retraites, niveau de vie, choix \u00e9nerg\u00e9tiques, avenir de la plan\u00e8te&#8230; pour ne prendre que les sujets d\u2019actualit\u00e9 qui nous touchent tous de fa\u00e7on collective&nbsp;; mais aussi l\u2019accompagnement de la fin de vie, les relations interg\u00e9n\u00e9rationnelles, le vivre ensemble, les violences\u2026autant de th\u00e8mes qui peuvent nous questionner tr\u00e8s personnellement.<\/p>\n<p>Sur ces sujets et d\u2019autres, le d\u00e9bat est nourri, repr\u00e9sentants \u00e9lus, experts, influenceurs, m\u00e9dias, \u00ab\u00a0amis\u00a0\u00bb r\u00e9seaux, amis \u2026mais il prend souvent la forme d\u2019affrontement, de dialogue de sourds, et finit souvent en rapport de force.<\/p>\n<p>Chaque personne, avec son opinion, est confront\u00e9e \u00e0 la diversit\u00e9 de celles des autres, y compris de celles de ses amis, suscitant questionnement, parfois incompr\u00e9hension ou rejet. <strong>Alors devrait se poser la question de la validit\u00e9 de son opinion personnelle.<\/strong><\/p>\n<p><strong>Une volont\u00e9<\/strong><br>Donner envie au plus grand nombre de confronter son opinion, de participer \u00e0 la vie d\u00e9mocratique, de s\u2019exprimer sur les sujets qui lui importent, de s&rsquo;assurer d&rsquo;avoir tout mis en \u0153uvre pour penser libre et juste.<\/p>\n<p><strong>Une r\u00e9alit\u00e9<br><\/strong>Un an apr\u00e8s sa cr\u00e9ation l&rsquo;association regroupe une centaine d&rsquo;adh\u00e9rents et une moyenne de 150 \u00e0 200 participants par conf\u00e9rence.<\/p><p>Le plaisir de participer en \u00ab\u00a0direct live\u00a0\u00bb \u00e0 une r\u00e9flexion, pas de lire un article, pas de regarder une \u00e9mission.<\/p>\t\t\t\t\t\t\t\t<\/div>\n\t\t\t\t<\/div>\n\t\t\t\t<div class=\"elementor-element elementor-element-cd02798 elementor-align-center elementor-widget__width-initial elementor-widget elementor-widget-button\" data-id=\"cd02798\" data-element_type=\"widget\" data-e-type=\"widget\" data-settings=\"{&quot;_animation&quot;:&quot;none&quot;}\" data-widget_type=\"button.default\">\n\t\t\t\t<div class=\"elementor-widget-container\">\n\t\t\t\t\t\t\t\t\t<div class=\"elementor-button-wrapper\">\n\t\t\t\t\t<a class=\"elementor-button elementor-button-link elementor-size-sm\" href=\"https:\/\/rochefortnouveaumonde.info\/index.php\/adherer\/\">\n\t\t\t\t\t\t<span class=\"elementor-button-content-wrapper\">\n\t\t\t\t\t\t\t\t\t<span class=\"elementor-button-text\">REJOIGNEZ-NOUS ADH\u00c9REZ ICI<\/span>\n\t\t\t\t\t<\/span>\n\t\t\t\t\t<\/a>\n\t\t\t\t<\/div>\n\t\t\t\t\t\t\t\t<\/div>\n\t\t\t\t<\/div>\n\t\t\t\t<\/div>\n\t\t\t\t<\/div>\n\t\t<div class=\"elementor-element elementor-element-860137b e-con-full e-flex e-con e-child\" data-id=\"860137b\" data-element_type=\"container\" data-e-type=\"container\">\n\t\t<div class=\"elementor-element elementor-element-0e623f4 e-con-full e-flex e-con e-child\" data-id=\"0e623f4\" data-element_type=\"container\" data-e-type=\"container\">\n\t\t<div class=\"elementor-element elementor-element-29cdabb e-con-full e-flex e-con e-child\" data-id=\"29cdabb\" data-element_type=\"container\" data-e-type=\"container\">\n\t\t\t\t<div class=\"elementor-element elementor-element-07d0f21 elementor-widget elementor-widget-video\" data-id=\"07d0f21\" data-element_type=\"widget\" data-e-type=\"widget\" data-settings=\"{&quot;youtube_url&quot;:&quot;https:\\\/\\\/youtu.be\\\/_Ikx0LPw1T4&quot;,&quot;video_type&quot;:&quot;youtube&quot;,&quot;controls&quot;:&quot;yes&quot;}\" data-widget_type=\"video.default\">\n\t\t\t\t<div class=\"elementor-widget-container\">\n\t\t\t\t\t\t\t<div class=\"elementor-wrapper elementor-open-inline\">\n\t\t\t<div class=\"elementor-video\"><\/div>\t\t<\/div>\n\t\t\t\t\t\t<\/div>\n\t\t\t\t<\/div>\n\t\t\t\t<\/div>\n\t\t\t\t<div class=\"elementor-element elementor-element-99207a1 elementor-widget elementor-widget-heading\" data-id=\"99207a1\" data-element_type=\"widget\" data-e-type=\"widget\" data-widget_type=\"heading.default\">\n\t\t\t\t<div class=\"elementor-widget-container\">\n\t\t\t\t\t<h2 class=\"elementor-heading-title elementor-size-default\">Que vient faire la Franc-Ma\u00e7onnerie dans cette affaire ? Rien, ou presque rien...<\/h2>\t\t\t\t<\/div>\n\t\t\t\t<\/div>\n\t\t\t\t<div class=\"elementor-element elementor-element-7aec26f elementor-widget elementor-widget-text-editor\" data-id=\"7aec26f\" data-element_type=\"widget\" data-e-type=\"widget\" data-widget_type=\"text-editor.default\">\n\t\t\t\t<div class=\"elementor-widget-container\">\n\t\t\t\t\t\t\t\t\t<p><strong>Un pr\u00e9c\u00e9dent d&rsquo;implication \u00e0 Rochefort<\/strong><br \/>A partir de 1850, la loge ma\u00e7onnique de Rochefort, l&rsquo;Accord Parfait \u00a0(loge cr\u00e9\u00e9e en 1776), a constitu\u00e9 une biblioth\u00e8que pour permettre \u00e0 tous l&rsquo;acc\u00e8s \u00e0 la litt\u00e9rature et cette activit\u00e9 a perdur\u00e9 jusque dans les ann\u00e9es 1950. Cette biblioth\u00e8que, forte de 5000 livres, existe toujours et se visite, notamment lors des Journ\u00e9es du Patrimoine.<\/p>\n<p><strong>Dans la continuit\u00e9 avec Rochefort Nouveau Monde<\/strong><br \/>Dans cette veine, le projet de conf\u00e9rences de Rochefort Nouveau Monde a vu le jour \u00e0 l&rsquo;initiative de franc-ma\u00e7ons de L&rsquo; Accord Parfait rapidement rejoints dans ce projet par d&rsquo;autres <span style=\"color: var( --e-global-color-text ); text-align: var(--text-align);\">membres des loges de Rochefort (Imhotep, La Rose d&rsquo;or, La D\u00e9mocratie) <\/span>.<\/p>\n<p>ll s&rsquo;agit de mettre en oeuvre quelques principes fondateurs de la Franc-Ma\u00e7onnerie, tels que :<\/p>\n<ul>\n<li>respect de la parole de tous et volont\u00e9 de partager<\/li>\n<li>affirmation d&rsquo;une am\u00e9lioration possible de l&rsquo;humanit\u00e9 \u00e0 laquelle chacun peut ou doit contribuer,<!-- \/wp:list-item --><!-- wp:list-item --><\/li>\n<li>assurance que la diversit\u00e9 est source de progr\u00e8s,<!-- \/wp:list-item --><!-- wp:list-item --><\/li>\n<li>combat contre l&rsquo;ignorance<\/li>\n<\/ul>\n<p><!-- \/wp:list-item --><\/p>\n<p>L&rsquo;association Rochefort Nouveau Monde est ouverte \u00e0 tous et il n&rsquo;est nul besoin d&rsquo;\u00eatre Franc -Ma\u00e7on pour adh\u00e9rer aux principes qu&rsquo;elle porte.<\/p>\t\t\t\t\t\t\t\t<\/div>\n\t\t\t\t<\/div>\n\t\t\t\t<\/div>\n\t\t\t\t<\/div>\n\t\t\t\t\t<\/div>\n\t\t\t\t<\/div>\n\t\t\t\t<\/div>\n\t\t","protected":false},"excerpt":{"rendered":"<p>Au sujet de l&rsquo;Association Rochefort Nouveau Monde La g\u00e9n\u00e8se du projet Rochefort Nouveau Monde Cr\u00e9\u00e9e en mars 2023, l\u2019Association \u00ab Rochefort Nouveau Monde \u00bb est&hellip;<\/p>\n","protected":false},"author":3,"featured_media":0,"parent":0,"menu_order":0,"comment_status":"closed","ping_status":"closed","template":"","meta":{"footnotes":""},"class_list":["post-1051","page","type-page","status-publish","hentry"],"_links":{"self":[{"href":"https:\/\/rochefortnouveaumonde.info\/index.php\/wp-json\/wp\/v2\/pages\/1051","targetHints":{"allow":["GET"]}}],"collection":[{"href":"https:\/\/rochefortnouveaumonde.info\/index.php\/wp-json\/wp\/v2\/pages"}],"about":[{"href":"https:\/\/rochefortnouveaumonde.info\/index.php\/wp-json\/wp\/v2\/types\/page"}],"author":[{"embeddable":true,"href":"https:\/\/rochefortnouveaumonde.info\/index.php\/wp-json\/wp\/v2\/users\/3"}],"replies":[{"embeddable":true,"href":"https:\/\/rochefortnouveaumonde.info\/index.php\/wp-json\/wp\/v2\/comments?post=1051"}],"version-history":[{"count":29,"href":"https:\/\/rochefortnouveaumonde.info\/index.php\/wp-json\/wp\/v2\/pages\/1051\/revisions"}],"predecessor-version":[{"id":1465,"href":"https:\/\/rochefortnouveaumonde.info\/index.php\/wp-json\/wp\/v2\/pages\/1051\/revisions\/1465"}],"wp:attachment":[{"href":"https:\/\/rochefortnouveaumonde.info\/index.php\/wp-json\/wp\/v2\/media?parent=1051"}],"curies":[{"name":"wp","href":"https:\/\/api.w.org\/{rel}","templated":true}]}}

<div data-elementor-type="wp-page" data-elementor-id="1051" class="elementor elementor-1051">
				<div class="elementor-element elementor-element-852622b e-con-full e-flex e-con e-parent" data-id="852622b" data-element_type="container" data-e-type="container">
				<div class="elementor-element elementor-element-c383253 elementor-widget elementor-widget-heading" data-id="c383253" data-element_type="widget" data-e-type="widget" data-widget_type="heading.default">
				<div class="elementor-widget-container">
					<h2 class="elementor-heading-title elementor-size-default">Au sujet de l'Association Rochefort Nouveau Monde</h2>				</div>
				</div>
				<div class="elementor-element elementor-element-0661816 elementor-widget elementor-widget-spacer" data-id="0661816" data-element_type="widget" data-e-type="widget" data-widget_type="spacer.default">
				<div class="elementor-widget-container">
							<div class="elementor-spacer">
			<div class="elementor-spacer-inner"></div>
		</div>
						</div>
				</div>
				</div>
		<div class="elementor-element elementor-element-2f9dc6b e-flex e-con-boxed e-con e-parent" data-id="2f9dc6b" data-element_type="container" data-e-type="container">
					<div class="e-con-inner">
		<div class="elementor-element elementor-element-703eb52 e-con-full e-flex e-con e-child" data-id="703eb52" data-element_type="container" data-e-type="container">
				<div class="elementor-element elementor-element-31fb50f elementor-widget elementor-widget-heading" data-id="31fb50f" data-element_type="widget" data-e-type="widget" data-widget_type="heading.default">
				<div class="elementor-widget-container">
					<h4 class="elementor-heading-title elementor-size-default">La génèse du projet Rochefort Nouveau Monde</h4>				</div>
				</div>
		<div class="elementor-element elementor-element-0caa8d8 e-con-full e-flex e-con e-child" data-id="0caa8d8" data-element_type="container" data-e-type="container">
				<div class="elementor-element elementor-element-fb799df elementor-widget elementor-widget-text-editor" data-id="fb799df" data-element_type="widget" data-e-type="widget" data-widget_type="text-editor.default">
				<div class="elementor-widget-container">
									<p>Créée en mars 2023, l’Association « Rochefort Nouveau Monde » est apolitique, a-dogmatique, ouverte à tous ceux qui souhaitent contribuer à une réflexion collective sur notre société, son histoire et son devenir et sur la place que chacun y occupe.&nbsp;</p>
<p><strong>Un constat</strong><br>Les débats de société ne manquent pas qui nous interpellent&nbsp;: Covid, guerre, retraites, niveau de vie, choix énergétiques, avenir de la planète&#8230; pour ne prendre que les sujets d’actualité qui nous touchent tous de façon collective&nbsp;; mais aussi l’accompagnement de la fin de vie, les relations intergénérationnelles, le vivre ensemble, les violences…autant de thèmes qui peuvent nous questionner très personnellement.</p>
<p>Sur ces sujets et d’autres, le débat est nourri, représentants élus, experts, influenceurs, médias, « amis » réseaux, amis …mais il prend souvent la forme d’affrontement, de dialogue de sourds, et finit souvent en rapport de force.</p>
<p>Chaque personne, avec son opinion, est confrontée à la diversité de celles des autres, y compris de celles de ses amis, suscitant questionnement, parfois incompréhension ou rejet. <strong>Alors devrait se poser la question de la validité de son opinion personnelle.</strong></p>
<p><strong>Une volonté</strong><br>Donner envie au plus grand nombre de confronter son opinion, de participer à la vie démocratique, de s’exprimer sur les sujets qui lui importent, de s&rsquo;assurer d&rsquo;avoir tout mis en œuvre pour penser libre et juste.</p>
<p><strong>Une réalité<br></strong>Un an après sa création l&rsquo;association regroupe une centaine d&rsquo;adhérents et une moyenne de 150 à 200 participants par conférence.</p><p>Le plaisir de participer en « direct live » à une réflexion, pas de lire un article, pas de regarder une émission.</p>								</div>
				</div>
				<div class="elementor-element elementor-element-cd02798 elementor-align-center elementor-widget__width-initial elementor-widget elementor-widget-button" data-id="cd02798" data-element_type="widget" data-e-type="widget" data-settings="{&quot;_animation&quot;:&quot;none&quot;}" data-widget_type="button.default">
				<div class="elementor-widget-container">
									<div class="elementor-button-wrapper">
					<a class="elementor-button elementor-button-link elementor-size-sm" href="https://rochefortnouveaumonde.info/index.php/adherer/">
						<span class="elementor-button-content-wrapper">
									<span class="elementor-button-text">REJOIGNEZ-NOUS ADHÉREZ ICI</span>
					</span>
					</a>
				</div>
								</div>
				</div>
				</div>
				</div>
		<div class="elementor-element elementor-element-860137b e-con-full e-flex e-con e-child" data-id="860137b" data-element_type="container" data-e-type="container">
		<div class="elementor-element elementor-element-0e623f4 e-con-full e-flex e-con e-child" data-id="0e623f4" data-element_type="container" data-e-type="container">
		<div class="elementor-element elementor-element-29cdabb e-con-full e-flex e-con e-child" data-id="29cdabb" data-element_type="container" data-e-type="container">
				<div class="elementor-element elementor-element-07d0f21 elementor-widget elementor-widget-video" data-id="07d0f21" data-element_type="widget" data-e-type="widget" data-settings="{&quot;youtube_url&quot;:&quot;https:\/\/youtu.be\/_Ikx0LPw1T4&quot;,&quot;video_type&quot;:&quot;youtube&quot;,&quot;controls&quot;:&quot;yes&quot;}" data-widget_type="video.default">
				<div class="elementor-widget-container">
							<div class="elementor-wrapper elementor-open-inline">
			<div class="elementor-video"></div>		</div>
						</div>
				</div>
				</div>
				<div class="elementor-element elementor-element-99207a1 elementor-widget elementor-widget-heading" data-id="99207a1" data-element_type="widget" data-e-type="widget" data-widget_type="heading.default">
				<div class="elementor-widget-container">
					<h2 class="elementor-heading-title elementor-size-default">Que vient faire la Franc-Maçonnerie dans cette affaire ? Rien, ou presque rien...</h2>				</div>
				</div>
				<div class="elementor-element elementor-element-7aec26f elementor-widget elementor-widget-text-editor" data-id="7aec26f" data-element_type="widget" data-e-type="widget" data-widget_type="text-editor.default">
				<div class="elementor-widget-container">
									<p><strong>Un précédent d&rsquo;implication à Rochefort</strong><br />A partir de 1850, la loge maçonnique de Rochefort, l&rsquo;Accord Parfait  (loge créée en 1776), a constitué une bibliothèque pour permettre à tous l&rsquo;accès à la littérature et cette activité a perduré jusque dans les années 1950. Cette bibliothèque, forte de 5000 livres, existe toujours et se visite, notamment lors des Journées du Patrimoine.</p>
<p><strong>Dans la continuité avec Rochefort Nouveau Monde</strong><br />Dans cette veine, le projet de conférences de Rochefort Nouveau Monde a vu le jour à l&rsquo;initiative de franc-maçons de L&rsquo; Accord Parfait rapidement rejoints dans ce projet par d&rsquo;autres <span style="color: var( --e-global-color-text ); text-align: var(--text-align);">membres des loges de Rochefort (Imhotep, La Rose d&rsquo;or, La Démocratie) </span>.</p>
<p>ll s&rsquo;agit de mettre en oeuvre quelques principes fondateurs de la Franc-Maçonnerie, tels que :</p>
<ul>
<li>respect de la parole de tous et volonté de partager</li>
<li>affirmation d&rsquo;une amélioration possible de l&rsquo;humanité à laquelle chacun peut ou doit contribuer,<!-- /wp:list-item --><!-- wp:list-item --></li>
<li>assurance que la diversité est source de progrès,<!-- /wp:list-item --><!-- wp:list-item --></li>
<li>combat contre l&rsquo;ignorance</li>
</ul>
<p><!-- /wp:list-item --></p>
<p>L&rsquo;association Rochefort Nouveau Monde est ouverte à tous et il n&rsquo;est nul besoin d&rsquo;être Franc -Maçon pour adhérer aux principes qu&rsquo;elle porte.</p>								</div>
				</div>
				</div>
				</div>
					</div>
				</div>
				</div>

<p>Au sujet de l&rsquo;Association Rochefort Nouveau Monde La génèse du projet Rochefort Nouveau Monde Créée en mars 2023, l’Association « Rochefort Nouveau Monde » est&hellip;</p>
